pose -4*j = j - 3*r - 355, 0 = 5*j - 5*r - 365. What is the tens digit of j?
6
Let b = -5 + 7. What is the units digit of 2 + 3/(5 - b)?
3
Let u(y) = 3*y - 2. Let w(z) = z - 2. Let p be w(-5). Let j = p - -11. What is the tens digit of u(j)?
1
Suppose 0 = z + 42 - 125. What is the tens digit of z?
8
Let s(m) = -m**2 - 7*m + 8. Let r be (0 - -1)/((-3)/24). Let o be s(r). Suppose 5*l + 3*b - 53 = o, 4*b - b = -12. What is the units digit of l?
3
Let x = 155 - 58. What is the units digit of x?
7
Let a(x) = 3*x**2 + 0 - 2*x**2 + 5*x - 5 - 3. What is the units digit of a(-7)?
6
Let p(g) = g + 13. What is the units digit of p(-8)?
5
Let x be 100/(-36) + (-4)/18. Let o = x - -6. What is the units digit of o?
3
Let l(p) = 6*p**2 - 2*p + 2. Let m(y) = 7*y**2 - 3*y + 2. Let u(v) = 6*l(v) - 5*m(v). What is the units digit of u(-4)?
6
Let t = 107 + -28. What is the tens digit of t?
7
Suppose 0*g = 5*b - 4*g - 76, b - 5*g = 11. What is the tens digit of b?
1
Suppose -2*l = -20 - 52. Let r = -24 + l. What is the units digit of r?
2
Suppose d = 5*d + 5*j + 55, 2*d + 8 = 4*j. Let q = -6 - d. Suppose -2*m - a - 6 = -3, -q*a = -2*m + 22. What is the units digit of m?
1
Let d(x) = -15*x - 54. What is the units digit of d(-10)?
6
Suppose -3*x + 17 = 2. What is the units digit of x?
5
Let h(y) = y**2 + 7*y - 2. What is the tens digit of h(-9)?
1
Suppose 4*s - 2 = 22. Suppose -12 = -k + s. What is the tens digit of k?
1
Let z = 106 + -76. Suppose -l + z = 2*l. What is the units digit of l?
0
Let j(l) = l - 7. Let y be j(7). Suppose -3*t + 8 + 1 = y. What is the units digit of t?
3
Let p(b) be the first derivative of b**4/4 + 2*b**3 - b**2/2 - 4*b + 4. What is the units digit of p(-6)?
2
What is the units digit of 6/12*(61 - -1)?
1
Let l = 6 - 6. Suppose 2*m - 7 + 65 = 2*g, -g + 4*m + 32 = l. What is the units digit of g?
8
Suppose 2*u - 3*u = -2*d + 14, -d = -4*u - 21. Suppose d - 14 = -o. What is the units digit of o?
9
Let i(u) = u**3 - 2*u**2 - u - 1. Let o be i(3). Suppose -o*h + h = 2*m - 4, -2*m = 2*h - 4. Suppose 0 = 2*s + m*s - 28. What is the units digit of s?
7
Let z be (1 - 7 - 0)/(-2). Suppose -z*d - d = 0. Suppose -2*h + 16 = -d*h. What is the units digit of h?
8
Suppose 4*r - 3*r = -5. Let a = 8 + r. What is the units digit of (-10)/(1 + (-5)/a)?
5
Let d(u) = u**3 - 9*u**2 - 8*u + 5. Let s be d(10). Suppose -4*k - 9 = -s. Suppose -2*j + v = -0*j - k, 3*j + 8 = 5*v. What is the units digit of j?
4
Let y be -1 + (-3 - -1) + -1. What is the units digit of ((-4)/(-2))/(6 + y)?
1
Suppose 3*v - 18 = -3. Let a be (10 + v)*(-2)/(-6). Let f = a + -2. What is the units digit of f?
3
Suppose 0 = p - 12 - 17. What is the tens digit of p?
2
Suppose -4*c + 42 = -5*p, -c + 50 = 4*c - 5*p. Suppose n + 0*n = c. What is the units digit of n?
8
Let i(d) = d + 1. Let p be i(3). Let x(o) = 3 - 2*o + p*o + 7*o**2 - 2. What is the units digit of x(-1)?
6
Let c be 1/3 + (-2)/6. Suppose c*n = -4*n - 36. Let b = 15 + n. What is the units digit of b?
6
Let n be 2 - (-210)/9*-3. What is the units digit of 1/5 + n/(-10)?
7
Suppose 2*w + 12 = 3*w. What is the units digit of w?
2
Let h = 13 + -7. Suppose 0 = 3*k - 4*m - h, 5*m = -2*k + 6*k - 7. What is the units digit of k/(-2 + 1) + 0?
2
Suppose 4*n + 51 = -25. Let q be (1 - -2)*n/(-3). Let t = 42 - q. What is the tens digit of t?
2
Let a(u) = -2*u**2 - 3*u - 1. Suppose 5*f - m + 1 = 2*m, 5*f = -5*m - 25. Let z be a(f). What is the units digit of z - (-3 + 0) - -17?
7
Suppose -6 = -5*b + 204. What is the tens digit of b?
4
Let d be (-2)/(-1 + 3) + 30. Suppose 5*n - 126 = -4*a, -3*a - d - 26 = -2*n. What is the tens digit of n?
2
Let q be 1 - 2/(-4)*2. What is the units digit of q - (4 + -2) - -3?
3
Let o be 1 + (-4)/(-2) + 1. Suppose -68 = o*n - 0*n. Let g = n + 38. What is the units digit of g?
1
Suppose -78 = -2*c + i, -i - 2 - 2 = 0. What is the units digit of c?
7
Suppose -2*i + 3*i = 10. Suppose -i = -2*k + 20. Suppose -r - k = -4*r. What is the units digit of r?
5
Let p be (-7 + 8)/((-2)/(-10)). Suppose 39 = 3*h + 5*q, h - p*q + 2 + 5 = 0. Suppose 3*i - h*i + 105 = 0. What is the units digit of i?
1
Let i(y) = 36*y. Let x be i(-1). Let a = x + 74. What is the tens digit of a?
3
Let b be 1*2*(-1)/2. Let r be -1 + b - (-23)/(-1). What is the units digit of (-4)/10 + (-60)/r?
2
Suppose -7*y + 8*y - 36 = 0. What is the tens digit of y?
3
Let n be (-60)/2*(-14)/21. Suppose -4*u + n = -5*l, 2*l - 6 = -u - 1. What is the units digit of u?
5
Suppose 16*q - 908 = 388. What is the units digit of q?
1
Let t = 330 - 204. What is the units digit of t?
6
Let i(w) = -w**3 - w**2 - w + 3. Let p be i(0). Suppose -p*s + 0 = -15. Suppose -4*z = -3*z - s. What is the units digit of z?
5
Let b(f) = -8*f - 3. Suppose -c - 4 = -5*l + 6, 2*c = 2*l - 12. Let s = l - 3. What is the units digit of b(s)?
3
Let s(w) = -w - 1. Let j be s(-6). Suppose 41 - j = 4*f. What is the units digit of f?
9
Suppose 5*h + j + 174 = 424, -5*h + j = -240. What is the units digit of h?
9
Suppose 6*r = r - 5. Let q = 5 - r. Let o = -2 + q. What is the units digit of o?
4
Let j = 12 - 8. Suppose -j*i - i = 25. What is the tens digit of (-106)/(-8) - i/(-20)?
1
Let r(h) = -h**2 - 17*h - 8. What is the units digit of r(-13)?
4
Let c = -5 + 7. What is the tens digit of (-52)/(-8)*(c + 0)?
1
Suppose 5*b = -3*i + 20, 5*i - 6*i + 2 = -3*b. What is the units digit of i?
5
Suppose 0 = -g - 0*k - 2*k + 10, -g = 3*k - 14. Suppose g*m = 3 + 3. What is the units digit of m?
3
Let r(z) = z**2 - 2*z + 10 - 5 - 6*z. Let u(f) = 5*f - 26. Let o be u(7). What is the units digit of r(o)?
4
Suppose 8*t + 61 = 3*r + 3*t, 2*r + 4*t - 48 = 0. Suppose a = -a + r. What is the units digit of a?
1
Let c(m) be the second derivative of m**3/6 + m**2/2 - 2*m. What is the units digit of c(0)?
1
Suppose 3*t - 3*a - 63 + 15 = 0, 4*a + 36 = 2*t. Let l = -6 + t. What is the units digit of l?
8
Suppose 1 = a + 2, 5*b - 272 = -3*a. What is the tens digit of b?
5
What is the tens digit of 2/((-4)/6) + 18?
1
Let j(z) = 3*z**3 + z**2 + 4*z. What is the units digit of j(3)?
2
Let s = 25 + -20. Suppose d + 4 = 3. Let h = d + s. What is the units digit of h?
4
Suppose k - 6*k + 4 = 2*f, f + 3 = 0. Suppose -2*w - 3*w - 5*x + 50 = 0, 4*x - 16 = -k*w. What is the tens digit of w?
1
What is the units digit of (-1)/(-2)*368/2?
2
Suppose -8*g + 9*g + 2 = 0. What is the tens digit of (-2)/g*27*1?
2
Let y = -11 - -17. What is the units digit of y?
6
Suppose -2*c + 6 + 22 = 0. What is the tens digit of c?
1
Suppose 0 = -5*r - o + 224, -2*r + 96 = -0*r + 2*o. What is the units digit of (3 - (r - -2))*-1?
3
Let u = -92 - -137. Suppose 0 = 4*m - 9*m. Suppose -2*b - 5*c + 17 + 1 = 0, m = 5*b - c - u. What is the units digit of b?
9
Let f(b) = b**3 + 4*b**2 + 4*b + 2. Let n be f(-3). Let g be n/(-3) - (-238)/6. Suppose 4*m + g = 4*h, 3*h - 2*m + 13 = 38. What is the units digit of h?
5
Let c(y) = 3*y. Let m be c(1). Suppose 179 = 4*n - m*a, 0*a - 135 = -3*n + 2*a. What is the units digit of n?
7
Let r be (6/(-8))/(21/(-56)). Suppose -4*z + 64 = 2*k, r*k = 4*k - z - 74. What is the tens digit of k?
3
Let a = 86 - 36. What is the tens digit of a?
5
Suppose -5*x + 81 = -4*t + t, -5*x + 125 = -5*t. Let q = -13 - -2. Let w = q - t. What is the units digit of w?
1
Suppose 2 = -4*q + 398. What is the tens digit of q?
9
Let x be (-2)/(-8) - 385/20. Let n be 1/3 + x/3. What is the units digit of 2/(-6) - 26/n?
4
Suppose -5*h + 24 = -2*h. Suppose v = 3 + h. Let g = v + 7. What is the tens digit of g?
1
Let b(m) = -m**3 + 5*m**2 + 7*m - 5. Let l = 7 - 1. What is the units digit of b(l)?
1
Suppose -5*d + 20 = 0, -5*d - 17 = n - 39. Suppose 3*i + 13 = -2*a + 8*i, -1 = n*a - i. What is the units digit of a?
1
Suppose 5*y = -2*d - 9, -y = 3*d - 2*y - 29. Suppose -3*q - 12 = -4*v - 43, d = 4*q + 3*v. What is the units digit of q?
5
Let s(x) = 28*x + 5. Let v be s(3). What is the tens digit of (-14)/(-42) - v/(-3)?
3
Suppose -5*n - 29 = -2*f, 2*f + 3*n + 21 = 5*f. Suppose 2*y + f*y = 8. Suppose y = 3*m - m + a, 0 = -a. What is the units digit of m?
1
Suppose 4*j - 228 = j. What is the tens digit of j?
7
Suppose 0 = 5*b + 5*y - 105, -4*b = 2*y + 3*y - 80. What is the units digit of b?
5
Let t = 90 - 62. What is the tens digit of t?
2
Suppos